{"id":43,"date":"2013-05-03T08:40:11","date_gmt":"2013-05-03T08:40:11","guid":{"rendered":"http:\/\/www.lacasadeglistudi.nl\/?page_id=43"},"modified":"2023-10-07T23:27:56","modified_gmt":"2023-10-07T22:27:56","slug":"zomerlessen","status":"publish","type":"page","link":"https:\/\/www.lacasadeglistudi.nl\/?page_id=43","title":{"rendered":"Zomerlessen 2018"},"content":{"rendered":"\n<p>La Casa degli Studi organiseert elk jaar 2 cursusreeksen van 12 lessen: \u00e9\u00e9n van januari tot april en \u00e9\u00e9n van september tot december. In de maanden mei-juli (in de regel tot aan de middelbare schoolvakantie) zijn er dan zomerlessen. Cursisten van de bestaande groepen kunnen vooraf aangeven of en waarmee zij die lessen willen vullen: gaan we door met het boek, herhalen we oude grammatica, richten we ons voor de verandering eens op de cultuur?&nbsp;Tevens is er een nieuwe beginnersgroep, speciaal voor wie v\u00f3\u00f3r de vakantie de basis van de taal onder de knie wil krijgen.<\/p>\n\n\n\n<figure class=\"wp-block-image aligncenter\"><img loading=\"lazy\" decoding=\"async\" width=\"300\" height=\"200\" src=\"http:\/\/www.lacasadeglistudi.nl\/wp-content\/uploads\/2013\/08\/Kopjes-300x200.jpg\" alt=\"Kopjes\" class=\"wp-image-120\" srcset=\"https:\/\/www.lacasadeglistudi.nl\/wp-content\/uploads\/2013\/08\/Kopjes-300x200.jpg 300w, https:\/\/www.lacasadeglistudi.nl\/wp-content\/uploads\/2013\/08\/Kopjes-624x416.jpg 624w, https:\/\/www.lacasadeglistudi.nl\/wp-content\/uploads\/2013\/08\/Kopjes.jpg 640w\" sizes=\"auto, (max-width: 300px) 100vw, 300px\" \/><\/figure>\n\n\n\n<p>Dit jaar gaat het om 7 lessen, startend op 14 mei 2018. De kosten bedragen \u20ac97,50,- p.p. exclusief lesmateriaal. <strong>Let op:<\/strong> de indeling van deze lessen is onder voorbehoud; rond eind april kunt u hier de definitieve lesindeling vinden. Mogelijk komt er dan zelfs een extra lesmoment op dinsdagavond bij. Uiteraard kunt u wel alvast uw interesse kenbaar maken via&nbsp;het&nbsp;<a title=\"Contact\" href=\"http:\/\/www.lacasadeglistudi.nl\/?page_id=151\">contactformulier<\/a>.<\/p>\n\n\n\n<table id=\"tablepress-3\" class=\"tablepress tablepress-id-3\">\n<thead>\n<tr class=\"row-1\">\n\t<th class=\"column-1\">Dag<\/th><th class=\"column-2\">Tijd<\/th><th class=\"column-3\">Niveau<\/th><th class=\"column-4\">Materiaal<\/th>\n<\/tr>\n<\/thead>\n<tbody class=\"row-striping row-hover\">\n<tr class=\"row-2\">\n\t<td class=\"column-1\">maandag<\/td><td class=\"column-2\">19:00-20:30<\/td><td class=\"column-3\">Principiante A1+: Beginners<\/td><td class=\"column-4\">Con Piacere 2 tekstboek en werkboek<\/td>\n<\/tr>\n<tr class=\"row-3\">\n\t<td class=\"column-1\">maandag<\/td><td class=\"column-2\">20:30-22:00<\/td><td class=\"column-3\">Principiante A1: Beginners<\/td><td class=\"column-4\">Con Piacere 1 tekstboek en werkboek<\/td>\n<\/tr>\n<\/tbody>\n<\/table>\n<!-- #tablepress-3 from cache -->","protected":false},"excerpt":{"rendered":"<p>La Casa degli Studi organiseert elk jaar 2 cursusreeksen van 12 lessen: \u00e9\u00e9n van januari tot april en \u00e9\u00e9n van september tot december. In de maanden mei-juli (in de regel tot aan de middelbare schoolvakantie) zijn er dan zomerlessen. Cursisten van de bestaande groepen kunnen vooraf aangeven of en waarmee zij die lessen willen vullen: [&hellip;]<\/p>\n","protected":false},"author":3,"featured_media":0,"parent":0,"menu_order":0,"comment_status":"closed","ping_status":"closed","template":"","meta":{"_themeisle_gutenberg_block_has_review":false,"footnotes":""},"class_list":["post-43","page","type-page","status-publish","hentry"],"_links":{"self":[{"href":"https:\/\/www.lacasadeglistudi.nl\/index.php?rest_route=\/wp\/v2\/pages\/43","targetHints":{"allow":["GET"]}}],"collection":[{"href":"https:\/\/www.lacasadeglistudi.nl\/index.php?rest_route=\/wp\/v2\/pages"}],"about":[{"href":"https:\/\/www.lacasadeglistudi.nl\/index.php?rest_route=\/wp\/v2\/types\/page"}],"author":[{"embeddable":true,"href":"https:\/\/www.lacasadeglistudi.nl\/index.php?rest_route=\/wp\/v2\/users\/3"}],"replies":[{"embeddable":true,"href":"https:\/\/www.lacasadeglistudi.nl\/index.php?rest_route=%2Fwp%2Fv2%2Fcomments&post=43"}],"version-history":[{"count":27,"href":"https:\/\/www.lacasadeglistudi.nl\/index.php?rest_route=\/wp\/v2\/pages\/43\/revisions"}],"predecessor-version":[{"id":696,"href":"https:\/\/www.lacasadeglistudi.nl\/index.php?rest_route=\/wp\/v2\/pages\/43\/revisions\/696"}],"wp:attachment":[{"href":"https:\/\/www.lacasadeglistudi.nl\/index.php?rest_route=%2Fwp%2Fv2%2Fmedia&parent=43"}],"curies":[{"name":"wp","href":"https:\/\/api.w.org\/{rel}","templated":true}]}}